{"version":"1.0","provider_name":"Les Enfants d'abord Canada","provider_url":"https:\/\/childrenfirstcanada.org\/fr","title":"All Mothers Were Summoned - Children First Canada","type":"rich","width":600,"height":338,"html":"<blockquote class=\"wp-embedded-content\" data-secret=\"tK4xAmDvIX\"><a href=\"https:\/\/childrenfirstcanada.org\/fr\/blog\/all-mothers-were-summoned\/\">Toutes les m\u00e8res ont \u00e9t\u00e9 invoqu\u00e9es<\/a><\/blockquote><iframe sandbox=\"allow-scripts\" security=\"restricted\" src=\"https:\/\/childrenfirstcanada.org\/fr\/blog\/all-mothers-were-summoned\/embed\/#?secret=tK4xAmDvIX\" width=\"600\" height=\"338\" title=\"\u00ab Toutes les m\u00e8res ont \u00e9t\u00e9 convoqu\u00e9es \u00bb \u2014 Children First Canada\" data-secret=\"tK4xAmDvIX\" frameborder=\"0\" marginwidth=\"0\" marginheight=\"0\" scrolling=\"no\" class=\"wp-embedded-content\"><\/iframe><script>\n\/*! This file is auto-generated *\/\n!function(d,l){\"use strict\";l.querySelector&&d.addEventListener&&\"undefined\"!=typeof URL&&(d.wp=d.wp||{},d.wp.receiveEmbedMessage||(d.wp.receiveEmbedMessage=function(e){var t=e.data;if((t||t.secret||t.message||t.value)&&!\/[^a-zA-Z0-9]\/.test(t.secret)){for(var s,r,n,a=l.querySelectorAll('iframe[data-secret=\"'+t.secret+'\"]'),o=l.querySelectorAll('blockquote[data-secret=\"'+t.secret+'\"]'),c=new RegExp(\"^https?:$\",\"i\"),i=0;i<o.length;i++)o[i].style.display=\"none\";for(i=0;i<a.length;i++)s=a[i],e.source===s.contentWindow&&(s.removeAttribute(\"style\"),\"height\"===t.message?(1e3<(r=parseInt(t.value,10))?r=1e3:~~r<200&&(r=200),s.height=r):\"link\"===t.message&&(r=new URL(s.getAttribute(\"src\")),n=new URL(t.value),c.test(n.protocol))&&n.host===r.host&&l.activeElement===s&&(d.top.location.href=t.value))}},d.addEventListener(\"message\",d.wp.receiveEmbedMessage,!1),l.addEventListener(\"DOMContentLoaded\",function(){for(var e,t,s=l.querySelectorAll(\"iframe.wp-embedded-content\"),r=0;r<s.length;r++)(t=(e=s[r]).getAttribute(\"data-secret\"))||(t=Math.random().toString(36).substring(2,12),e.src+=\"#?secret=\"+t,e.setAttribute(\"data-secret\",t)),e.contentWindow.postMessage({message:\"ready\",secret:t},\"*\")},!1)))}(window,document);\n\/\/# sourceURL=https:\/\/childrenfirstcanada.org\/wp-includes\/js\/wp-embed.min.js\n<\/script>","thumbnail_url":"https:\/\/childrenfirstcanada.org\/wp-content\/uploads\/2020\/06\/CFC-anti-racism-news-post.jpg","thumbnail_width":600,"thumbnail_height":600,"description":"\u201cWhat is happening?\u201dMy nine-year-old son asked me this question last week. He was confused by the images he saw flashing across the screen in our living room. Thick crowds of people. Protesters holding signs. Tears. Tension. Frustration. He didn\u2019t know how to piece it all together. So he turned to me for answers.At that moment, I had a decision to make: say nothing or engage in an honest conversation."}

<blockquote class="wp-embedded-content" data-secret="tK4xAmDvIX"><a href="https://childrenfirstcanada.org/fr/blog/all-mothers-were-summoned/">Toutes les mères ont été invoquées</a></blockquote><iframe sandbox="allow-scripts" security="restricted" src="https://childrenfirstcanada.org/fr/blog/all-mothers-were-summoned/embed/#?secret=tK4xAmDvIX" width="600" height="338" title="« Toutes les mères ont été convoquées » — Children First Canada" data-secret="tK4xAmDvIX" frameborder="0" marginwidth="0" marginheight="0" scrolling="no" class="wp-embedded-content"></iframe><script>
/*! This file is auto-generated */
!function(d,l){"use strict";l.querySelector&&d.addEventListener&&"undefined"!=typeof URL&&(d.wp=d.wp||{},d.wp.receiveEmbedMessage||(d.wp.receiveEmbedMessage=function(e){var t=e.data;if((t||t.secret||t.message||t.value)&&!/[^a-zA-Z0-9]/.test(t.secret)){for(var s,r,n,a=l.querySelectorAll('iframe[data-secret="'+t.secret+'"]'),o=l.querySelectorAll('blockquote[data-secret="'+t.secret+'"]'),c=new RegExp("^https?:$","i"),i=0;i<o.length;i++)o[i].style.display="none";for(i=0;i<a.length;i++)s=a[i],e.source===s.contentWindow&&(s.removeAttribute("style"),"height"===t.message?(1e3<(r=parseInt(t.value,10))?r=1e3:~~r<200&&(r=200),s.height=r):"link"===t.message&&(r=new URL(s.getAttribute("src")),n=new URL(t.value),c.test(n.protocol))&&n.host===r.host&&l.activeElement===s&&(d.top.location.href=t.value))}},d.addEventListener("message",d.wp.receiveEmbedMessage,!1),l.addEventListener("DOMContentLoaded",function(){for(var e,t,s=l.querySelectorAll("iframe.wp-embedded-content"),r=0;r<s.length;r++)(t=(e=s[r]).getAttribute("data-secret"))||(t=Math.random().toString(36).substring(2,12),e.src+="#?secret="+t,e.setAttribute("data-secret",t)),e.contentWindow.postMessage({message:"ready",secret:t},"*")},!1)))}(window,document);
//# sourceURL=https://childrenfirstcanada.org/wp-includes/js/wp-embed.min.js
</script>
